 derivative of -z**5/20 + 13*z**4/12 - 11*z**3/6 - 12*z**2 - 18*z. Let y be j(12). Is ((-8)/y)/(4/22530) prime?
False
Let k(x) = 1450*x + 123. Let n(q) = 4350*q + 369. Let g(j) = -7*k(j) + 2*n(j). Is g(-7) composite?
True
Let z(w) = -4762*w**3 - 12*w**2 - 17*w - 19. Is z(-6) prime?
True
Suppose 10*c - 190 + 20 = 0. Suppose -c*v + 10*v = -14371. Is v prime?
True
Suppose -8*b + 81*b - 5154322 = -b. Is b prime?
True
Is ((-800)/(-60) - 18)*((-1481450)/4 - -2) prime?
False
Let g(a) = -10*a**3 + 3*a**2 + 9*a + 10. Let j = -38 + -17. Let t = -59 - j. Is g(t) a composite number?
True
Let m = -210184 - -460061. Is m composite?
True
Let x(w) = 188*w - 19. Let r be x(6). Is (-1)/((-25)/10 - -2) + r prime?
False
Suppose 5*g = 4*g - 2*l + 34911, 2*g + 5*l = 69827. Is g a prime number?
False
Is 2/((304/(-168))/19 - (-1881112)/19751235) a composite number?
True
Let j = 214652 + 99279. Is j a prime number?
True
Let d = -33 - -55. Suppose 26*k - 20 = d*k. Suppose y = k*v - 1680, 0*v - 4*v + y + 1345 = 0. Is v prime?
False
Suppose 0 = 6*o - 23796 + 3222. Let v = o + 20312. Is v a composite number?
False
Let c be (-2907)/(-2)*(-4)/(-6). Suppose 0 = d + 205 - c. Let w = d + -393. Is w a prime number?
False
Let x(a) = -23*a**3 - 6*a**2 - 132*a - 24. Is x(-11) a composite number?
True
Suppose -12*m - 7100203 = -88*m + 2898129. Is m a prime number?
False
Let i(d) = 7000*d + 1327. Is i(19) a composite number?
False
Is (-808916)/(-516)*(0 + 2 + 1) prime?
True
Let p(g) = -366*g**3 - 2*g**2 + 10*g + 11. Let n be p(-1). Let z = n - -42. Is z a composite number?
True
Is 2 - -17 - (1 - 47591) composite?
False
Let j(v) = -424*v - 2. Let a(o) = o**3 + 13*o**2 - o - 9. Let x be a(-13). Let s be j(x). Is (-2)/(-8) + s/(-24) composite?
False
Suppose -p + 5*p + o = 23, 5*p + o = 30. Let y(j) = 87*j + 24. Let s be y(p). Is s/8 - (-5)/(-40) a prime number?
True
Suppose -2*v + 22 = 26. Let b be (-8)/v - (-432 - 14). Let r = b + 113. Is r a composite number?
False
Let f = -978 - 569. Let q = f - -3324. Is q a prime number?
True
Let x(o) = 5*o**3 - 8*o**2 + 4*o + 4. Let w be x(1). Suppose 3*c - 31911 = -5*t, 0 = -w*c + 45*t - 40*t + 53185. Is c prime?
False
Let a(u) be the first derivative of u**3 + 2*u**2 + 3*u + 15. Let l be a(-1). Suppose x - l*x = -1189. Is x a composite number?
True
Let m(n) = -n**3 - 16*n**2 + 27*n + 34. Let z be m(-17). Let i = z - -390. Is i composite?
True
Let y(h) be the third derivative of 557*h**5/10 - h**4/12 + h**3 - 25*h**2. Let g be y(2). Suppose n + g = 15*n. Is n prime?
False
Suppose -26*w + 3 = -23*w. Is w/(2/(-3898)*(-5)/5) composite?
False
Is 56/(-16)*((-6086300)/77 + -6) prime?
True
Suppose -2*r = -5*q + 5, 2*q - 4 = 4*r + 14. Is (6/(-8))/q + 812660/80 prime?
True
Let d = 11919 - -23196. Suppose -2*a = -d + 5981. Is a composite?
True
Suppose 145964 = y + 703. Is y a composite number?
True
Suppose -i - 1 + 2 = 0, 0 = -5*m - 3*i - 747. Let q be (-2)/((-20)/m + (-19)/30). Is (q - -1)/(10/4190) prime?
False
Let y = -4342 + 2962. Let a = y + 1963. Is a a composite number?
True
Suppose 4*y = 3*y + 2*s - 3, 3*y - s + 9 = 0. Let o(v) = 51*v + 41. Let g(f) = -103*f - 84. Let d(k) = y*g(k) - 7*o(k). Is d(-5) composite?
True
Suppose 2*t + 4*o + 10462 = 0, 2*t + 1860 = -o - 8593. Is t/(-44) + 2/8 composite?
True
Let f be 2*(-4 + (-18)/(-3)). Let c(q) = -2 + 6*q**2 - 2*q**2 + 4*q**2 - q**3 - 9*q - 3. Is c(f) composite?
False
Suppose 5*p - 29 = -84. Let y = p + 11. Suppose c + 4 = y, 2*q + c - 311 - 107 = 0. Is q prime?
True
Suppose 31*h = 41*h - 40. Suppose 3*c - 3*b = 8*c - 39323, 5*c - 39351 = h*b. Is c a prime number?
True
Suppose -3*x + 0*x = -6. Suppose -x*t + 3*t = -5*a - 11, 5*t - 4*a = 32. Suppose 3*d + 446 = t*d - 3*p, 5*d = -3*p + 2248. Is d prime?
True
Let c be (-4)/(-6) + (-2705)/3. Suppose 0*p = 6*p + 3204. Let o = p - c. Is o prime?
True
Is 1/(-20) + 363130635/700 a composite number?
True
Let u be ((-15)/(-3))/(30/59442). Suppose -4*q - q - 49575 = -5*v, 3*q - u = -v. Is v a composite number?
True
Is 20/4 - (-20 + -864) a composite number?
True
Let j = 2 - -11. Suppose 4 = 2*t + 7*l - 5*l, 5*t - j = -2*l. Let n(h) = 445*h + 2. Is n(t) prime?
False
Let x(p) = -362*p - 165*p**2 + 309*p + 164*p**2 + 37. Suppose 0 = -5*j - 4*a - 64, 2*a = -3*a + 20. Is x(j) a composite number?
True
Suppose 12*m + 14*m = 191137 + 34111729. Is m a composite number?
True
Is (2/5)/(((-988)/77069035)/(-26)) prime?
True
Let d be (12 + -2)*(-25)/(-10). Suppose 5*i + 4*u = 5*u + 21960, d = -5*u. Is i a composite number?
False
Let t = 228126 + -120365. Is t a prime number?
True
Suppose -5*u + 2*b = 33972, -5*u - 21751 = b + 12233. Let c = -2525 - u. Is c prime?
True
Is (-6)/4*(-3)/9*(23791 - -3) composite?
False
Suppose 243*b = 11516473 + 63462878. Is b prime?
False
Let v(h) = 66029*h + 829. Is v(2) composite?
False
Let a = -2458 - -4654. Let s = a + 939. Suppose 4*z + s = 5*c, -4*z + 25 = -9*z. Is c a composite number?
True
Let p(x) = 89*x**3 + 2*x**2 + 8*x + 88. Is p(7) a composite number?
True
Let k be (-34434)/(-21) - (-6)/21. Let y = k - 131. Is y prime?
False
Let y(f) = 1620*f**2 - 63*f - 52. Is y(-7) prime?
True
Let p(b) = 5*b**2 - 3*b + 2. Let h(f) = 2*f + 25. Let c be h(-12). Let s be p(c). Suppose 2*q + 5*w = 1903, 0*w = s*w + 12. Is q prime?
False
Suppose 69 - 53 = 8*r. Is (0 - -4)*(-54268)/(-32)*r a prime number?
True
Let m(c) = c**2. Let g(k) = k**3 - 5*k**2 - 9*k - 3. Let l(v) = g(v) - m(v). Suppose 0 = 4*j + 2*f - 36, 8*f - 3*f - 18 = -j. Is l(j) a composite number?
False
Let r(k) = -2*k**2 + 2*k + 10. Let t be r(0). Suppose -t*i - 583 = -13773. Is i a composite number?
False
Suppose 0 = -8984*n + 8986*n - 26. Is n composite?
False
Let n = 104963 - -62130. Is n a composite number?
True
Suppose -143*y + 7604026 + 6057765 = 0. Is y prime?
False
Let m be (62 - ((-1 - -3) + -1))/(-1). Let u = 63 + m. Suppose -q + 173 + 388 = -u*g, -536 = -q - 3*g. Is q prime?
False
Let w(h) = -h**3 + 2*h**2 - 8*h + 11. Let b be 64*(15/(-6) + 3) + 2. Let z = -40 + b. Is w(z) composite?
False
Let a(o) = 53*o**3 + o**2 + 3*o - 3. Let b(z) = 2*z - 18. Let j be b(8). Let s be -4 - 9/j - 6/(-4). Is a(s) prime?
True
Suppose -3*w - 4*l = -57, -3*w = -5*w - 3*l + 39. Suppose w = 2*c + 7. Suppose c*v - 1512 = 3092. Is v prime?
True
Is (-2 + 3854776/10)*230/92 a composite number?
False
Suppose 2*k - 2*w + 2 = -2*k, 4*w + 4 = 4*k. Is (-3 + 903 + k)/1 a prime number?
False
Let y = 189 + -194. Let p(x) = 356*x**2 + 19*x + 8. Is p(y) prime?
False
Let j(w) = -w**3 + 83*w**2 + 56*w - 25. Is j(-23) a composite number?
True
Let p(d) = 10 + 110*d + 34*d**2 - 104*d - 2 + 5. Let q be (-12)/(-6)*(1 - -1). Is p(q) a prime number?
False
Suppose -5*o = 2*o - 183778. Suppose -8*u + 23706 = -o. Is u prime?
False
Let l(q) = -70*q + 19. Let b(n) = -2*n - 3. Let z(j) = 2*b(j) - l(j). Suppose -3*w + 2*w = -10. Is z(w) prime?
False
Suppose -15*y - 1614024 = -5*i - 12*y, -1936875 = -6*i - 3*y. Is i a composite number?
True
Suppose 122*n - 22823914 = 56*n - 52*n. Is n a composite number?
False
Let l(v) = -2126*v**3 + 32*v**2 + 130*v - 97. Is l(-6) a composite number?
True
Suppose 6*n = 4*n - 4, -2*i + n + 12 = 0. Suppose i*k = -b + 9869, 4*k + 2*b + b - 7904 = 0. Is k prime?
True
Let n = -10 + 20. Suppose n*y - 27910 + 3650 = 0. Suppose -h + y = h. Is h a composite number?
False
Suppose 21*s - 15*s - 1238022 = -4*x, 0 = -3*x - 18. Is s a composite number?
False
Let r = 129 - 123. Suppose -8*c + 11216 = -r*c + 2*x, c - 5583 = 4*x. Is c a composite number?
True
Let p(t) = 3*t**2 + 14*t - 10. Let m be p(-8). Let s = m + -24. Let u = 245 + s. Is u prime?
False
Let w(l) = 99338*l**2 - 6*l + 3. Is w(2) a prime number?
False
Let s be (641679 + 1)/10 + 2/1. Suppose -2*l + 10*r = 15*r - 32080, 5*r - s = -4*l. Is l prime?
False
Let q be (-18)/(-12) + 25/2. Let x(s) = 1598*s - 5. Let r be x(-5). Is r/(-21) - (-4)/q a composite number?
True
Let r = -12 + 10. Let f be 1/r*6 - -813. Suppose f - 24 = 6*o. Is o a composite number?
False
Suppose -4 = -q - 3. Let i be (2 - 2)/1 + q. Is (-3 + 2)*-671*i a prime number?
False
Suppose 2*g - 111979 = 3*x + 217402, 21 = 3*x. Is g composite?
False
Let b be -5 - (5 - 0 - 7509). Let s = b + -480. Is s composite?
False
Let b = -45783 - -72529. Let p = b + 18289. Is p prime?
False
Let w 